 + 8 - 2?
4
Evaluate -3 - (-3 - (3 - 5)).
-2
What is -7 + -3 + (0 - -6) - -5?
1
Evaluate 1 + 1 + (-3 - -1) + 4.
4
What is 3 + (2 - (4 - 4))?
5
0 + 1 - (-3 + 3 + -1)
2
What is 8 + (-9 - 4) + 3?
-2
What is the value of (-4 + 0 - 0) + (0 - -5)?
1
What is -10 + 17 + (-3 - 6)?
-2
What is the value of -7 + (2 - -14) - 7?
2
What is -4 - 5 - (-2 - 2)?
-5
Calculate -5 + -2 - (30 + -31).
-6
What is the value of -42 + 40 + 4 + -2 + 1?
1
What is the value of 7 - ((3 - 8) + 8)?
4
What is the value of 5 - (19 + -4 + -2 + -3)?
-5
Calculate 0 + (3 - (-1 + 1)).
3
What is the value of 17 + 4 + (14 - 26)?
9
-2 - -4 - 3 - (-5 - -9)
-5
What is (-4 - -7) + -14 + 15?
4
What is (-4 - -1) + 6 - 6?
-3
Calculate -3 + 2 + 3 - (-13 - -8).
7
Evaluate 2 + -2 - (6 - (0 + 4)).
-2
Evaluate -6 - (3 - 4 - 3).
-2
Calculate -34 - -32 - (-8 + 1).
5
Calculate (5 - 6 - -7) + (1 - 3).
4
2 + (3 + -2 - -1)
4
What is 1 + 2 + -21 + 12?
-6
Calculate 3 - ((-1 + 5 - 8) + 3).
4
What is 7 + (1 - -1) + (-6 - -3)?
6
What is the value of -1 + -3 + -3 + (10 - -1)?
4
Calculate 9 + (-4 - -1) + -3.
3
16 + -8 + -12 - -11
7
What is (2 - -1) + -6 + -1?
-4
-2 + (2 + 5 - -4)
9
What is the value of (-1 + 0 - -1) + -10 + 6?
-4
What is the value of -5 - 1 - (-6 - -2)?
-2
Calculate -2 + 1 + (-5 - -4).
-2
Calculate -5 + 7 + 3 + -3.
2
3 + (-2 - -4 - 3)
2
(-4 + 0 - -2) + (45 - 48)
-5
7 + 1 - 0 - 4
4
Evaluate 2 - (-3 + (2 - 1)).
4
Evaluate 4 + (-5 - (-3 + (-6 - -5))).
3
What is the value of 1 - (2 - 3) - 2 - -3?
3
What is the value of 2 + -2 - 0 - 8 - -3?
-5
0 + 3 - (-9 + 13)
-1
What is the value of -7 + (-1 + 6 - -2)?
0
What is 1 - (-3 + -1 - (3 - 7))?
1
-5 + 2 + -2 + -6 + 7
-4
Calculate -7 + -1 + -5 + 10.
-3
Calculate 1 - 2 - (16 + -6 + -7).
-4
Evaluate 6 + 1 + (6 - 8).
5
(0 - -1) + -6 - (-9 + 2)
2
(-11 - -13) + (0 - -3)
5
What is -3 + (-1 + (2 - 4) - -11)?
5
5 + (-18 - -9) - (0 - -1)
-5
Calculate 4 + -3 + 3 + -1 + 2.
5
Evaluate -6 - -10 - (-2 + (-1 - -2)).
5
Calculate 2 + -1 + -6 - -5.
0
8 + -5 + -3 - (0 + 3)
-3
Calculate 2 - -3 - (-10 + 3 + 7).
5
Calculate (-4 - 0 - (-2 - 1)) + 2.
1
-1 + (-7 - -1) + (6 - 4)
-5
4 - -1 - (-3 + 7) - 1
0
What is the value of -2 + (-6 - -5 - -7) + -2?
2
What is 2 - 16 - (-12 + -7 + 13)?
-8
What is the value of -7 - -11 - (-3 + 2 + 0)?
5
Calculate (2 - -1) + -10 + -7 + 18.
4
Evaluate 5 + (-5 - (-3 - (0 - 2))).
1
What is the value of 65 + -73 - (-4 - 1)?
-3
What is the value of -7 + 4 + (-1 - (-4 + 7))?
-7
Calculate -3 + (0 - 0) + (1 - -3).
1
-2 + 3 + -1 + 0
0
Calculate 9 - (-11 + (14 - 8) - -11).
3
What is 7 - (-9 - -21) - -5?
0
Evaluate 1 - 10 - (-7 + 3).
-5
16 + (-4 - 5) - 16
-9
Calculate 1 + (1 + 4 + 2 - 2).
6
Calculate -8 - (-2 - ((4 - 0) + 1)).
-1
What is -1 - 2 - (-8 + (-8 - -11))?
2
Calculate -5 - (-2 + (5 - 3) - 5).
0
(5 - 3) + 6 + (0 - 4)
4
Calculate 5 + (3 - 10) + -1.
-3
Evaluate -2 - (-10 + 9 + -6).
5
Calculate 5 + -5 + 5 + 1 + 2.
8
What is -10 + 6 + -1 + (1 - 1)?
-5
Evaluate 17 + -33 - -16 - (1 + 0).
-1
What is 8 - (7 + -8) - 6?
3
113 + -116 - (1 + -10)
6
Evaluate -20 + 4 + (2 - 2) + 6.
-10
Evaluate -5 - (4 + -5 - 2).
-2
What is the value of -4 + (-14 - -8) + 1 + 6?
-3
What is (7 - (17 + -6)) + 0?
-4
Evaluate -14 + (16 - 10) + 2.
-6
16 + -14 + (-2 - -1)
1
What is 6 + -3 - 10 - -7?
0
(-4 - 0) + 0 + -3 + 3
-4
What is the value of -6 + (5 + -4 - -4 - 4)?
-5
Calculate 4 + -6 + 6 + 6 + -6.
4
What is -5 - -5 - (2 + 0 + -2)?
0
3 + (-7 - (8 - 20))
8
What is -6 + -6 + 10 + 2?
0
What is 8 + (1 + -6 - 0)?
3
Calculate (-6 + -2 - -1) + (-4 - -5).
-6
-8 + (-1 - (4 - 6 - 5))
-2
Calculate 9 + (4 - (6 + (4 - 3))).
6
2 - (7 + -1 + 2 + -5)
-1
Calculate -6 + (2 - (9 + -8)).
-5
Calculate (-2 - (-2 + -4)) + -4 + 4.
4
Calculate 9 - 8 - (9 + -2 + -1).
-5
Calculate (5 + 0 - -9) + -8.
6
What is (-2 - -2) + 3 + 0?
3
Calculate -7 + 1 + 4 - -8.
6
Calculate 5 - (-3 + 6 + 0).
2
What is the value of 3 - (4 - -2 - 0)?
-3
What is 7 - (-2 - 3 - (1 - 13))?
0
What is the value of 1 + -4 - (-1 - -2)?
-4
Evaluate -1 + 1 + -2 + 4 + -2.
0
Calculate (0 - -4 - (6 + 0)) + -1.
-3
Evaluate (0 - (5 - 3)) + 4 + 0.
2
(-13 - (-11 + 7)) + (4 - 0)
-5
-2 + -1 + (-1 - (0 - 0))
-4
What is 9 + ((-2 - -5) + -3 - 2)?
7
What is -2 + 1 + 7 + -2?
4
Evaluate (0 - 8) + -32 + 46.
6
What is 3 + 5 + -9 - 4?
-5
Evaluate 1 - ((8 - 9) + 7).
-5
4 + 7 + -1 - 4
6
What is the value of -5 + 0 - (-10 + 9)?
-4
Calculate -2 + -2 + 0 + 4.
0
What is the value of -4 + (11 + 2 - 6)?
3
What is -3 + (0 - 1) + 20 + -21?
-5
What is the value of -4 - (4 + -3 + 0)?
-5
What is the value of 3 - (4 - 2 - (-2 + 2))?
1
Calculate 6 + 2 + -8 - 5 - 2.
-7
Calculate -2 + -13 - 6 - -15.
-6
-3 + (5 - 3) + 1
0
What is the value of -3 - (0 + -9) - (-1 + 4)?
3
Calculate (-6 + 13 - 5) + (-2 - 1).
-1
What is the value of 5 - (0 + (4 - 2) + -2)?
5
Calculate -3 - (-6 - (-9 - -5 - -4)).
3
What is the value of (3 - (1 + -3) - 1) + -1?
3
Calculate 3 + (-2 - -1) + 0.
2
(-2 - 1) + -4 + (6 - -6)
5
Evaluate 0 - ((-1 - 3) + 9) - -2.
-3
What is 0 + (-4 - -6) + 2 + -6?
-2
6 - (-1 + 7 + 49 + -52)
3
What is the value of (0 - -1) + (6 - 1)?
6
-3 - ((0 - 3) + 1 - 2)
1
What is the value of -5 + -1 - 3 - -5?
-4
What is -6 + (1 - 2) - (0 - 4)?
-3
Calculate -4 - (5 - 8 - 1).
0
Evaluate -1 - 2 - (-9 - -3).
3
What is the value of -2 + 5 + 4 + -5 - 1?
1
Evaluate -2 + (-1 - -4 - 0).
1
10 + (1 - 5 - -4 - 3)
7
Evaluate 1 - (-6 + 5 + 2).
0
What is -3 + 0 + 4 + 1 - 3?
-1
Calculate 3 + -14 + -5 + (12 - 7).
-11
1 + 6 + -10 + 2 + 3
2
What is 0 + 1 + 7 + 0 + -2?
6
What is (1 - -3) + (-15 - -8)?
-3
What is the value of 3 - (2 + 6) - -4 - -2?
1
What is 4 + -3 + (-12 - -9) - 6?
-8
Calculate (0 - (-11 + 1)) + (-7 - -3).
6
0 - (-9 + 2) - 11
-4
What is 4 + 0 - (2 - -1)?
1
(5 - 7 - 1 - -4) + 3
4
What is the value of -7 - -9 - (-1 + 8)?
-5
What is the value of 8 + (2 - -5) + (34 - 41)?
8
(2 + 1 - 0) + 1 + -4
0
Calculate 1 + 1 + (1 - -2).
5
What is the value of (-2 - ((0 - -2) + -4)) + -5?
-5
What is the value of -2 + 5 - -1 - (13 + -11)?
2
Calculate -6 + -6 + 1 + 4 + 4.
-3
Evaluate 42 + -35 - (7 - 0).
0
Calculate 5 - (-4 + (5 - -1)).
3
What is the value of -1 + (1 - -5) - 2 - 5?
-2
Evaluate -56 + 51 - (-9 + 0).
4
Calculate 5 - (4 - (-1 - -3)).
3
What is the value of -1 - (-4 - (3 - (3 + -1)))?
4
What is the value of 0 - (-3 + -6 + 4 + -1)?
6
What is the value of -5 + -9 + 18 - (2 + 3)?
-1
Calculate -6 + 0 + 10 + 1 + -4.
1
Calculate 0 - ((-15 - -6) + 3).
6
What is 1 + 3 + -5 - 3?
-4
Calculate 0 - -2 - 0 - (24 - 25).
3
What is (7 - (4 - 4 - -7)) + -3?
-3
Evaluate 1 + 2 + -130 + 120.
-7
What is 3 - (6 - (0 + 1) - 1)?
-1
What is the value of 2 - -9 - (9 - (-2 - -6))?
6
What is -1 + 0 + 2 - (-3 - -1)?
3
Evaluate -1 + 7 + -15 + 14.
5
What is -5 + (3 - (-1 - -3) - -6)?
2
Calculate (6 - (1 - -1)) + -6.
-2
Evaluate -4 - (2 - (6 + 1 + -3)).
-2
Calculate (4 - (5 - (3 - -3))) + -4.
1
(0 - -12) + (4 + 7 - 18)
5
What is the value of 0 - (-14 - -5 - -5)?
4
What is the value of -3 + 2 - (-1 - (-1 + 1))?
0
Evaluate (-1 - 0) + -14 + 20.
5
What is the value of (0 - (6 - 8)) + -9 + 3?
-4
Evaluate -2 + -3 + (11 - 3).
3
What is the value of -9 + 13 - (2 - 0)?
2
What is 5 + (-11 - -5) - (1 + 5)?
-7
8 + 0 - (1 + 2)
5
What is (12 - (-3 - (-3 - 3))) + -2?
7
What is -14 - (-8 - -5) - -4?
-7
What is the value of 6 + -6 + (1 - (4 - 6))?
3
Calculate -100 + 102 - ((-1 - -5) + -1).
-1
Calculate -25 + 20 - (1 - (-3 - 0)).
-9
Calculate 3 - (-2 + -6 + (5 - 0)).
6
What is (6 - 12) + 5 - -7?
6
Calculate 0 + 1 - (-30 + 11 - -14).
6
Calculate -6 + 3 - (-6 - -1).
2
4 + (2 - 11) + 10
5
Evaluate 111 - 113 - (-1 + 5 + 2).
-8
Evaluate 22 + -34 - (-1 - 0).
-11
-2 + (-6 - -1 - -9) + 0
2
What is -1 - -3 - (-19 - -18)?
3
What is the value of 6 - (-3 - -7 - -11)?
-9
What is -15 + (22 - (-10 + 21))?
-4
What is the value of 1 - (8 - 6 - 1)?
0
What is (-9 + 10 - (-2 + 5)) + 1?
-1
Calculate 4 - ((-1 - 1) + -2 - -4).
4
Calculate -4 - -2 - 6 - -5.
-3
Calculate 10 + (-1 - 2) + -2.
5
What is the value of (-9 - (-7 + 3) - -4) + 3?
2
What is the value of -1 - 0 - (-2 + 2 + -4)?
3
Calculate 5 + -1 + -1 + -8.
-5
What is the value of 5 + (-6 - -6) - (-2 - -3)?
4
What is the value of 5 - (9 + (-8 - 2))?
6
What is (-7 - -14) + -13 - -10?
4
Calculate (-3 - -6) + (1 - 3) + -2.
-1
Evaluate -4 + 12 - (1 - -5) - 0.
2
-4 - (-8 - (5 - 9))
0
Calculate (17 - 24) + 8 + -2.
-1
(1